[INFO] cloning repository https://github.com/NodleCode/polkadot-crypto
[INFO] running `Command { std: "git" "-c" "credential.helper=" "-c" "credential.helper=/workspace/cargo-home/bin/git-credential-null" "clone" "--bare" "https://github.com/NodleCode/polkadot-crypto" "/workspace/cache/git-repos/https%3A%2F%2Fgithub.com%2FNodleCode%2Fpolkadot-crypto", kill_on_drop: false }`
[INFO] [stderr] Cloning into bare repository '/workspace/cache/git-repos/https%3A%2F%2Fgithub.com%2FNodleCode%2Fpolkadot-crypto'...
[INFO] running `Command { std: "git" "rev-parse" "HEAD", kill_on_drop: false }`
[INFO] [stdout] 1411d201bde142fbe0ef76c105b3c897dded9833
[INFO] building NodleCode/polkadot-crypto against master#881c1ac408d93bb7adaa3a51dabab9266e82eee8 for issue-85264
[INFO] running `Command { std: "git" "clone" "/workspace/cache/git-repos/https%3A%2F%2Fgithub.com%2FNodleCode%2Fpolkadot-crypto" "/workspace/builds/worker-3/source", kill_on_drop: false }`
[INFO] [stderr] Cloning into '/workspace/builds/worker-3/source'...
[INFO] [stderr] done.
[INFO] validating manifest of git repo https://github.com/NodleCode/polkadot-crypto on toolchain 881c1ac408d93bb7adaa3a51dabab9266e82eee8
[INFO] running `Command { std: "/workspace/cargo-home/bin/cargo" "+881c1ac408d93bb7adaa3a51dabab9266e82eee8" "metadata" "--manifest-path" "Cargo.toml" "--no-deps", kill_on_drop: false }`
[INFO] started tweaking git repo https://github.com/NodleCode/polkadot-crypto
[INFO] finished tweaking git repo https://github.com/NodleCode/polkadot-crypto
[INFO] tweaked toml for git repo https://github.com/NodleCode/polkadot-crypto written to /workspace/builds/worker-3/source/Cargo.toml
[INFO] crate git repo https://github.com/NodleCode/polkadot-crypto already has a lockfile, it will not be regenerated
[INFO] running `Command { std: "/workspace/cargo-home/bin/cargo" "+881c1ac408d93bb7adaa3a51dabab9266e82eee8" "fetch" "--manifest-path" "Cargo.toml", kill_on_drop: false }`
[INFO] [stderr]  Downloading crates ...
[INFO] [stderr]   Downloaded scrypt v0.2.0
[INFO] [stderr]   Downloaded packed_simd v0.3.3
[INFO] running `Command { std: "docker" "create" "-v" "/var/lib/crater-agent-workspace/builds/worker-3/target:/opt/rustwide/target:rw,Z" "-v" "/var/lib/crater-agent-workspace/builds/worker-3/source:/opt/rustwide/workdir:ro,Z" "-v" "/var/lib/crater-agent-workspace/cargo-home:/opt/rustwide/cargo-home:ro,Z" "-v" "/var/lib/crater-agent-workspace/rustup-home:/opt/rustwide/rustup-home:ro,Z" "-e" "SOURCE_DIR=/opt/rustwide/workdir" "-e" "CARGO_TARGET_DIR=/opt/rustwide/target" "-e" "CARGO_HOME=/opt/rustwide/cargo-home" "-e" "RUSTUP_HOME=/opt/rustwide/rustup-home" "-w" "/opt/rustwide/workdir" "-m" "1610612736" "--user" "0:0" "--network" "none" "ghcr.io/rust-lang/crates-build-env/linux@sha256:20528e8c29e4536546f0102ce88568b16ea7538393a33fcca951030f7af10457" "/opt/rustwide/cargo-home/bin/cargo" "+881c1ac408d93bb7adaa3a51dabab9266e82eee8" "metadata" "--no-deps" "--format-version=1", kill_on_drop: false }`
[INFO] [stderr] WARNING: Your kernel does not support swap limit capabilities or the cgroup is not mounted. Memory limited without swap.
[INFO] [stdout] a13a29b383ef01dbcca2902d8d5b41794e9fe3188f541191ae455517202502b6
[INFO] running `Command { std: "docker" "start" "-a" "a13a29b383ef01dbcca2902d8d5b41794e9fe3188f541191ae455517202502b6", kill_on_drop: false }`
[INFO] running `Command { std: "docker" "inspect" "a13a29b383ef01dbcca2902d8d5b41794e9fe3188f541191ae455517202502b6", kill_on_drop: false }`
[INFO] running `Command { std: "docker" "rm" "-f" "a13a29b383ef01dbcca2902d8d5b41794e9fe3188f541191ae455517202502b6", kill_on_drop: false }`
[INFO] [stdout] a13a29b383ef01dbcca2902d8d5b41794e9fe3188f541191ae455517202502b6
[INFO] running `Command { std: "docker" "create" "-v" "/var/lib/crater-agent-workspace/builds/worker-3/target:/opt/rustwide/target:rw,Z" "-v" "/var/lib/crater-agent-workspace/builds/worker-3/source:/opt/rustwide/workdir:ro,Z" "-v" "/var/lib/crater-agent-workspace/cargo-home:/opt/rustwide/cargo-home:ro,Z" "-v" "/var/lib/crater-agent-workspace/rustup-home:/opt/rustwide/rustup-home:ro,Z" "-e" "SOURCE_DIR=/opt/rustwide/workdir" "-e" "CARGO_TARGET_DIR=/opt/rustwide/target" "-e" "CARGO_INCREMENTAL=0" "-e" "RUST_BACKTRACE=full" "-e" "RUSTFLAGS=--cap-lints=forbid" "-e" "CARGO_HOME=/opt/rustwide/cargo-home" "-e" "RUSTUP_HOME=/opt/rustwide/rustup-home" "-w" "/opt/rustwide/workdir" "-m" "1610612736" "--user" "0:0" "--network" "none" "ghcr.io/rust-lang/crates-build-env/linux@sha256:20528e8c29e4536546f0102ce88568b16ea7538393a33fcca951030f7af10457" "/opt/rustwide/cargo-home/bin/cargo" "+881c1ac408d93bb7adaa3a51dabab9266e82eee8" "build" "--frozen" "--message-format=json", kill_on_drop: false }`
[INFO] [stdout] 79392c0370685406327b72d4cfc86aa3130f81c4f3b50602a5d9abf0c0f1f619
[INFO] [stderr] WARNING: Your kernel does not support swap limit capabilities or the cgroup is not mounted. Memory limited without swap.
[INFO] running `Command { std: "docker" "start" "-a" "79392c0370685406327b72d4cfc86aa3130f81c4f3b50602a5d9abf0c0f1f619", kill_on_drop: false }`
[INFO] [stderr]    Compiling proc-macro2 v1.0.19
[INFO] [stderr]    Compiling syn v1.0.38
[INFO] [stderr]    Compiling typenum v1.12.0
[INFO] [stderr]    Compiling getrandom v0.1.14
[INFO] [stderr]    Compiling byteorder v1.3.4
[INFO] [stderr]    Compiling byte-tools v0.3.1
[INFO] [stderr]    Compiling packed_simd v0.3.3
[INFO] [stderr]    Compiling ppv-lite86 v0.2.8
[INFO] [stderr]    Compiling wasm-bindgen-shared v0.2.65
[INFO] [stderr]    Compiling fake-simd v0.1.2
[INFO] [stderr]    Compiling opaque-debug v0.2.3
[INFO] [stderr]    Compiling bumpalo v3.4.0
[INFO] [stderr]    Compiling adler v0.2.3
[INFO] [stderr]    Compiling scopeguard v1.1.0
[INFO] [stderr]    Compiling gimli v0.22.0
[INFO] [stderr]    Compiling smallvec v1.4.1
[INFO] [stderr]    Compiling subtle v2.2.3
[INFO] [stderr]    Compiling crunchy v0.2.2
[INFO] [stderr]    Compiling object v0.20.0
[INFO] [stderr]    Compiling serde v1.0.114
[INFO] [stderr]    Compiling keccak v0.1.0
[INFO] [stderr]    Compiling proc-macro-hack v0.5.18
[INFO] [stderr]    Compiling wee_alloc v0.4.5
[INFO] [stderr]    Compiling wasm-bindgen v0.2.65
[INFO] [stderr]    Compiling signature v1.2.2
[INFO] [stderr]    Compiling tiny-keccak v2.0.2
[INFO] [stderr]    Compiling memory_units v0.4.0
[INFO] [stderr]    Compiling hex v0.4.2
[INFO] [stderr]    Compiling block-padding v0.1.5
[INFO] [stderr]    Compiling lock_api v0.3.4
[INFO] [stderr]    Compiling miniz_oxide v0.4.0
[INFO] [stderr]    Compiling ed25519 v1.0.1
[INFO] [stderr]    Compiling log v0.4.11
[INFO] [stderr]    Compiling parking_lot_core v0.7.2
[INFO] [stderr]    Compiling blake2-rfc v0.2.18
[INFO] [stderr]    Compiling rand_core v0.5.1
[INFO] [stderr]    Compiling parking_lot v0.10.2
[INFO] [stderr]    Compiling rand_chacha v0.2.2
[INFO] [stderr]    Compiling once_cell v1.4.0
[INFO] [stderr]    Compiling quote v1.0.7
[INFO] [stderr]    Compiling hex-literal-impl v0.2.2
[INFO] [stderr]    Compiling generic-array v0.12.3
[INFO] [stdout] error[E0432]: unresolved import `crate::arch::x86_64::__m64`
[INFO] [stdout]   --> /opt/rustwide/cargo-home/registry/src/github.com-1ecc6299db9ec823/packed_simd-0.3.3/src/api/into_bits/arch_specific.rs:51:15
[INFO] [stdout]    |
[INFO] [stdout] 51 |               $($arch_ty),*
[INFO] [stdout]    |                 ^^^^^^^^ no `__m64` in `arch::x86_64`
[INFO] [stdout] ...
[INFO] [stdout] 86 | / impl_arch!(
[INFO] [stdout] 87 | |     [x86["x86"]: __m64], [x86_64["x86_64"]: __m64],
[INFO] [stdout] 88 | |     [arm["arm"]: int8x8_t, uint8x8_t, poly8x8_t, int16x4_t, uint16x4_t,
[INFO] [stdout] 89 | |      poly16x4_t, int32x2_t, uint32x2_t, float32x2_t, int64x1_t,
[INFO] [stdout] ...  |
[INFO] [stdout] 96 | |     test: test_v64
[INFO] [stdout] 97 | | );
[INFO] [stdout]    | |__- in this macro invocation
[INFO] [stdout]    |
[INFO] [stdout]    = note: this error originates in a macro (in Nightly builds, run with -Z macro-backtrace for more info)
[INFO] [stdout] 
[INFO] [stdout] 
[INFO] [stdout] error[E0432]: unresolved import `crate::arch::x86_64::_mm_movemask_pi8`
[INFO] [stdout]   --> /opt/rustwide/cargo-home/registry/src/github.com-1ecc6299db9ec823/packed_simd-0.3.3/src/codegen/reductions/mask/x86/sse.rs:47:21
[INFO] [stdout]    |
[INFO] [stdout] 47 |                 use crate::arch::x86_64::_mm_movemask_pi8;
[INFO] [stdout]    |                     ^^^^^^^^^^^^^^^^^^^^^----------------
[INFO] [stdout]    |                     |                    |
[INFO] [stdout]    |                     |                    help: a similar name exists in the module: `_mm_movemask_epi8`
[INFO] [stdout]    |                     no `_mm_movemask_pi8` in `arch::x86_64`
[INFO] [stdout]    | 
[INFO] [stdout]   ::: /opt/rustwide/cargo-home/registry/src/github.com-1ecc6299db9ec823/packed_simd-0.3.3/src/codegen/reductions/mask.rs:41:1
[INFO] [stdout]    |
[INFO] [stdout] 41 | impl_mask_reductions!(m8x8);
[INFO] [stdout]    | ---------------------------- in this macro invocation
[INFO] [stdout]    |
[INFO] [stdout]    = note: this error originates in a macro (in Nightly builds, run with -Z macro-backtrace for more info)
[INFO] [stdout] 
[INFO] [stdout] 
[INFO] [stdout] error[E0432]: unresolved import `crate::arch::x86_64::_mm_movemask_pi8`
[INFO] [stdout]   --> /opt/rustwide/cargo-home/registry/src/github.com-1ecc6299db9ec823/packed_simd-0.3.3/src/codegen/reductions/mask/x86/sse.rs:62:21
[INFO] [stdout]    |
[INFO] [stdout] 62 |                 use crate::arch::x86_64::_mm_movemask_pi8;
[INFO] [stdout]    |                     ^^^^^^^^^^^^^^^^^^^^^----------------
[INFO] [stdout]    |                     |                    |
[INFO] [stdout]    |                     |                    help: a similar name exists in the module: `_mm_movemask_epi8`
[INFO] [stdout]    |                     no `_mm_movemask_pi8` in `arch::x86_64`
[INFO] [stdout]    | 
[INFO] [stdout]   ::: /opt/rustwide/cargo-home/registry/src/github.com-1ecc6299db9ec823/packed_simd-0.3.3/src/codegen/reductions/mask.rs:41:1
[INFO] [stdout]    |
[INFO] [stdout] 41 | impl_mask_reductions!(m8x8);
[INFO] [stdout]    | ---------------------------- in this macro invocation
[INFO] [stdout]    |
[INFO] [stdout]    = note: this error originates in a macro (in Nightly builds, run with -Z macro-backtrace for more info)
[INFO] [stdout] 
[INFO] [stdout] 
[INFO] [stdout] error[E0432]: unresolved import `crate::arch::x86_64::_mm_movemask_pi8`
[INFO] [stdout]   --> /opt/rustwide/cargo-home/registry/src/github.com-1ecc6299db9ec823/packed_simd-0.3.3/src/codegen/reductions/mask/x86/sse.rs:47:21
[INFO] [stdout]    |
[INFO] [stdout] 47 |                 use crate::arch::x86_64::_mm_movemask_pi8;
[INFO] [stdout]    |                     ^^^^^^^^^^^^^^^^^^^^^----------------
[INFO] [stdout]    |                     |                    |
[INFO] [stdout]    |                     |                    help: a similar name exists in the module: `_mm_movemask_epi8`
[INFO] [stdout]    |                     no `_mm_movemask_pi8` in `arch::x86_64`
[INFO] [stdout]    | 
[INFO] [stdout]   ::: /opt/rustwide/cargo-home/registry/src/github.com-1ecc6299db9ec823/packed_simd-0.3.3/src/codegen/reductions/mask.rs:47:1
[INFO] [stdout]    |
[INFO] [stdout] 47 | impl_mask_reductions!(m16x4);
[INFO] [stdout]    | ----------------------------- in this macro invocation
[INFO] [stdout]    |
[INFO] [stdout]    = note: this error originates in a macro (in Nightly builds, run with -Z macro-backtrace for more info)
[INFO] [stdout] 
[INFO] [stdout] 
[INFO] [stdout] error[E0432]: unresolved import `crate::arch::x86_64::_mm_movemask_pi8`
[INFO] [stdout]   --> /opt/rustwide/cargo-home/registry/src/github.com-1ecc6299db9ec823/packed_simd-0.3.3/src/codegen/reductions/mask/x86/sse.rs:62:21
[INFO] [stdout]    |
[INFO] [stdout] 62 |                 use crate::arch::x86_64::_mm_movemask_pi8;
[INFO] [stdout]    |                     ^^^^^^^^^^^^^^^^^^^^^----------------
[INFO] [stdout]    |                     |                    |
[INFO] [stdout]    |                     |                    help: a similar name exists in the module: `_mm_movemask_epi8`
[INFO] [stdout]    |                     no `_mm_movemask_pi8` in `arch::x86_64`
[INFO] [stdout]    | 
[INFO] [stdout]   ::: /opt/rustwide/cargo-home/registry/src/github.com-1ecc6299db9ec823/packed_simd-0.3.3/src/codegen/reductions/mask.rs:47:1
[INFO] [stdout]    |
[INFO] [stdout] 47 | impl_mask_reductions!(m16x4);
[INFO] [stdout]    | ----------------------------- in this macro invocation
[INFO] [stdout]    |
[INFO] [stdout]    = note: this error originates in a macro (in Nightly builds, run with -Z macro-backtrace for more info)
[INFO] [stdout] 
[INFO] [stdout] 
[INFO] [stdout] error[E0432]: unresolved import `crate::arch::x86_64::_mm_movemask_pi8`
[INFO] [stdout]   --> /opt/rustwide/cargo-home/registry/src/github.com-1ecc6299db9ec823/packed_simd-0.3.3/src/codegen/reductions/mask/x86/sse.rs:47:21
[INFO] [stdout]    |
[INFO] [stdout] 47 |                 use crate::arch::x86_64::_mm_movemask_pi8;
[INFO] [stdout]    |                     ^^^^^^^^^^^^^^^^^^^^^----------------
[INFO] [stdout]    |                     |                    |
[INFO] [stdout]    |                     |                    help: a similar name exists in the module: `_mm_movemask_epi8`
[INFO] [stdout]    |                     no `_mm_movemask_pi8` in `arch::x86_64`
[INFO] [stdout]    | 
[INFO] [stdout]   ::: /opt/rustwide/cargo-home/registry/src/github.com-1ecc6299db9ec823/packed_simd-0.3.3/src/codegen/reductions/mask.rs:52:1
[INFO] [stdout]    |
[INFO] [stdout] 52 | impl_mask_reductions!(m32x2);
[INFO] [stdout]    | ----------------------------- in this macro invocation
[INFO] [stdout]    |
[INFO] [stdout]    = note: this error originates in a macro (in Nightly builds, run with -Z macro-backtrace for more info)
[INFO] [stdout] 
[INFO] [stdout] 
[INFO] [stdout] error[E0432]: unresolved import `crate::arch::x86_64::_mm_movemask_pi8`
[INFO] [stdout]   --> /opt/rustwide/cargo-home/registry/src/github.com-1ecc6299db9ec823/packed_simd-0.3.3/src/codegen/reductions/mask/x86/sse.rs:62:21
[INFO] [stdout]    |
[INFO] [stdout] 62 |                 use crate::arch::x86_64::_mm_movemask_pi8;
[INFO] [stdout]    |                     ^^^^^^^^^^^^^^^^^^^^^----------------
[INFO] [stdout]    |                     |                    |
[INFO] [stdout]    |                     |                    help: a similar name exists in the module: `_mm_movemask_epi8`
[INFO] [stdout]    |                     no `_mm_movemask_pi8` in `arch::x86_64`
[INFO] [stdout]    | 
[INFO] [stdout]   ::: /opt/rustwide/cargo-home/registry/src/github.com-1ecc6299db9ec823/packed_simd-0.3.3/src/codegen/reductions/mask.rs:52:1
[INFO] [stdout]    |
[INFO] [stdout] 52 | impl_mask_reductions!(m32x2);
[INFO] [stdout]    | ----------------------------- in this macro invocation
[INFO] [stdout]    |
[INFO] [stdout]    = note: this error originates in a macro (in Nightly builds, run with -Z macro-backtrace for more info)
[INFO] [stdout] 
[INFO] [stdout] 
[INFO] [stderr]    Compiling hex-literal v0.2.1
[INFO] [stderr]    Compiling digest v0.8.1
[INFO] [stderr]    Compiling block-buffer v0.7.3
[INFO] [stderr]    Compiling crypto-mac v0.7.0
[INFO] [stderr]    Compiling pbkdf2 v0.3.0
[INFO] [stderr]    Compiling hmac v0.7.1
[INFO] [stderr]    Compiling sha2 v0.8.2
[INFO] [stderr]    Compiling scrypt v0.2.0
[INFO] [stderr]    Compiling addr2line v0.13.0
[INFO] [stderr]    Compiling backtrace v0.3.50
[INFO] [stderr]    Compiling synstructure v0.12.4
[INFO] [stderr]    Compiling wasm-bindgen-backend v0.2.65
[INFO] [stderr]    Compiling wasm-bindgen-macro-support v0.2.65
[INFO] [stderr]    Compiling zeroize_derive v1.0.0
[INFO] [stderr]    Compiling failure_derive v0.1.8
[INFO] [stderr]    Compiling wasm-bindgen-macro v0.2.65
[INFO] [stderr]    Compiling zeroize v1.1.0
[INFO] [stderr]    Compiling curve25519-dalek v2.1.0
[INFO] [stderr]    Compiling merlin v2.0.0
[INFO] [stderr]    Compiling failure v0.1.8
[INFO] [stdout] error: aborting due to 7 previous errors
[INFO] [stdout] 
[INFO] [stdout] 
[INFO] [stdout] For more information about this error, try `rustc --explain E0432`.
[INFO] [stdout] 
[INFO] [stderr] error: could not compile `packed_simd`
[INFO] [stderr] 
[INFO] [stderr] To learn more, run the command again with --verbose.
[INFO] [stderr] warning: build failed, waiting for other jobs to finish...
[INFO] [stderr] error: build failed
[INFO] running `Command { std: "docker" "inspect" "79392c0370685406327b72d4cfc86aa3130f81c4f3b50602a5d9abf0c0f1f619", kill_on_drop: false }`
[INFO] running `Command { std: "docker" "rm" "-f" "79392c0370685406327b72d4cfc86aa3130f81c4f3b50602a5d9abf0c0f1f619", kill_on_drop: false }`
[INFO] [stdout] 79392c0370685406327b72d4cfc86aa3130f81c4f3b50602a5d9abf0c0f1f619
